7
Suppose 2*u - 382 = 906. Let k = 1295 - u. Suppose 0*i = -7*i + k. What are the prime factors of i?
3, 31
Suppose -6*u - 10*h = -5*h - 27203, -5*u + 22680 = 2*h. What are the prime factors of u?
2, 2269
Suppose 0 = 5*i - v - 63, 0 = -4*i + 3*v - v + 48. Suppose -i + 37 = 8*l. Suppose -3 = -l*m, -2*n + 0*m + 95 = -5*m. What are the prime factors of n?
2, 5
Let a be (141 - 3)/(10/25). Suppose 0*n + a = k + n, -5 = -5*n. What are the prime factors of k?
2, 43
Suppose 50*w + 127*w - 2428089 = 1040757. What are the prime factors of w?
2, 41, 239
Let w(h) = 58 - 3*h**2 - 8*h**2 - 2*h + 3*h**2 - 2*h**2 + 15*h**2. What are the prime factors of w(-9)?
13, 37
Let n be 2257/(-37) - 1*2. What are the prime factors of (1635/35)/((-9)/n)?
3, 109
Let w be 8/((-8)/(-2))*1. Suppose -3*z + 3*g = 0, -w*z = -4*g - 4 + 8. Suppose -3*n - 3*s + 9 = 0, 5*s - z*s - 12 = -4*n. What are the prime factors of n?
3
Let b = 542 - 534. Let r(j) be the third derivative of j**6/120 - j**5/20 - 5*j**4/8 + j**3/2 - j**2. List the prime factors of r(b).
7, 29
Suppose a - 6 = 3*u, -3*a + 3*u = -4*a. Suppose a*x - 3*z - 3 = 0, -x = -3*z + z. What are the prime factors of 1/5*x - (-20096)/160?
2, 3, 7
Suppose 0 = 4*g + 205810 - 280338. What are the prime factors of g?
2, 17, 137
Let h = -605 + 1128. Let j = h - 265. List the prime factors of j.
2, 3, 43
Suppose -6*w = -2*w - 5*g + 980, 4*g - 736 = 3*w. What are the prime factors of 20/((-4)/w*4)?
2, 3, 5
Let o be 29/(-1)*(-6 - -5). Suppose -d - i - o = 0, -d - 3*i + 45 = -2*d. Let w = 51 + d. What are the prime factors of w?
2, 3
Let h(w) = -w**3 + 9*w**2 + 10*w + 6. Let k be h(10). Let s be k/(-1*(-3)/2). Suppose -a = -4*j - 2*a + 399, -a - 409 = -s*j. What are the prime factors of j?
101
Let l(b) = b**2 - 4*b + 14. Let z be l(12). Suppose 5*k = -z + 550. What are the prime factors of k?
2, 11
Let u(y) be the third derivative of 13*y**5/4 - y**4/12 - 5*y**3/3 - 14*y**2 + 3*y. What are the prime factors of u(-2)?
2, 3, 43
Let c(r) = -2*r**3 - 28*r**2 + r + 4. Let a be c(-14). What are the prime factors of ((-408)/a)/(((-6)/(-20))/1)?
2, 17
Let s(n) = 2497*n + 1294. What are the prime factors of s(9)?
23767
Let j be ((-8)/(-16))/((-1)/(-3326)). Suppose 5*s - 6448 + j = 0. List the prime factors of 1*-2*s/(-22).
3, 29
Let b(g) = -g - 5. Let r be b(-9). Suppose 3*h + h = -4*a + 516, -4 = -r*a. Suppose 2*m - h = 2*p + 14, 0 = 5*m - 2*p - 349. List the prime factors of m.
3, 23
Let f(v) = -54*v - 66. Let j be (-14)/(-3)*(-9)/6. List the prime factors of f(j).
2, 3, 13
Let u(p) = -7410*p - 7236. What are the prime factors of u(-9)?
2, 3, 367
Suppose -280*u = -152*u - 138*u + 375760. What are the prime factors of u?
2, 7, 11, 61
Suppose p + 4*c - 37576 - 11823 = 0, 4*p + c = 197566. What are the prime factors of p?
49391
Let g = 167 - 163. Let q(k) = 37*k - 14. List the prime factors of q(g).
2, 67
List the prime factors of 4/10 + (-552614)/(-90) + (-148)/(-333).
3, 23, 89
Let s be (-2)/(-16) + 56490/(-80). Let j = 1258 + s. Let a = -382 + j. What are the prime factors of a?
2, 5, 17
Suppose 89*q - 207830 = 19*q. List the prime factors of q.
2969
Suppose -2*x + 39 = -33. Suppose t - x = -8*t. Suppose 64 = -t*o + 500. What are the prime factors of o?
109
Suppose 14*o - 2747 = -437. Let c be 1 - o/(-35) - 4/(-14). Suppose -c*z + 1075 = -z. List the prime factors of z.
5, 43
Suppose 358 - 5566 = 4*i. Let c = i - -2057. What are the prime factors of c?
5, 151
Let v = 22986 - 15199. List the prime factors of v.
13, 599
Suppose -254 + 37 = -7*b. Suppose -b = -c - 4*m + 45, -3*c - m = -239. Let h = c - 68. What are the prime factors of h?
2, 3
Let w = -64 - -75. Suppose -g - w = 2*n, -2*g - 37 = 5*n - 9. What are the prime factors of (-225)/n*(-6)/(-5)*1?
3, 5
Let p = 192251 + -122407. What are the prime factors of p?
2, 19, 919
Suppose -5*r - 3*r + 55560 = -75904. List the prime factors of r.
16433
List the prime factors of 4 - ((-56)/(-7) + -5204).
2, 5, 13
Suppose 43*m + 2275 = -3014. Suppose -v - 2*v + 843 = 0. Let c = v + m. List the prime factors of c.
2, 79
Suppose -2*s + 5*r = -27942, -19*s + r = -14*s - 69924. List the prime factors of s.
2, 3, 7, 37
Let w(l) = l**3 - 22*l**2 + 66*l + 16. List the prime factors of w(28).
2, 821
Let s be 2*-1 + -2 - (80 - 81). List the prime factors of ((-3)/s)/((-9)/(-15831)) - 0.
1759
Let c be 282/9 - ((-16)/(-12) + -1). Suppose -485 - c = -2*f. What are the prime factors of f?
2, 3, 43
Suppose 0 = -4*s - 5*n - 56248 + 152276, 2*s + 5*n = 47994. What are the prime factors of s?
7, 47, 73
Suppose 0 = -5*p + 5*t, 2*p + 4*t - 24 = -0*p. Suppose -3*k + p*v + 243 = 0, -k + 0*v = 2*v - 91. Let i = -34 + k. What are the prime factors of i?
3, 17
Suppose -43*r + 11223 = -41*r + 5*x, -4*r + 22452 = 4*x. List the prime factors of r.
2, 7, 401
Suppose 2*h - 12 = 0, v - 983*h - 11330 = -982*h. List the prime factors of v.
2, 13, 109
Let i(g) = -1. Let w(q) = -105*q + 28. Let s(j) = -6*i(j) - w(j). What are the prime factors of s(1)?
83
Suppose 0 = 13*v + 57 - 18. Let h(z) = 128*z**2 + 9*z + 14. What are the prime factors of h(v)?
17, 67
Let x(o) = o**3 - o**2 + o - 1. Let s(i) = 6*i**3 - 18*i**2 + i + 17. Let a(u) = -s(u) + 5*x(u). List the prime factors of a(12).
2, 5, 17
Suppose -4*l - 4*o + 16 = 0, -4*o - 9 = -l - 0*o. Suppose -v + l*f = -105 - 263, -v + 392 = f. List the prime factors of v.
2, 97
Suppose 8*w = 6*w + 776. Let z(n) = -9*n**3 - 4*n**2 + 6*n + 19. Let g be z(-3). Suppose -4*r = 4*h - w, 2*h + g + 305 = 5*r. List the prime factors of r.
101
Let g = -56 + 58. Suppose g*i = -4*d + 756, -2*i = 2*d - 295 - 83. Suppose 13*x = 10*x + d. List the prime factors of x.
3, 7
Let p = 251 + -249. Suppose -4*b = p*d - b - 959, -5*d - b = -2391. List the prime factors of d.
2, 239
Let b = -2548 - -3755. Suppose 4*p = 2*z + 2402, 2*p - b = -0*z - z. List the prime factors of p.
2, 7, 43
Suppose 0 = -1300*s + 1310*s - 702800. List the prime factors of s.
2, 5, 7, 251
Let u(a) = -2*a - 14. Let p be u(-6). Let k be 0*-1*p/(-3 - 1). Suppose k = 6*d - 94 - 128. What are the prime factors of d?
37
What are the prime factors of (-4 - (6 + 0)/(-2))*(-14503 - -20)?
7, 2069
Let m = 4 - 34. Let t = m + 36. Suppose y + 156 = 2*i + t*y, 3*i = -y + 234. What are the prime factors of i?
2, 3, 13
Let u = 7572 - -328. What are the prime factors of u?
2, 5, 79
Let t = -7419 - -8630. List the prime factors of t.
7, 173
Let w(k) = -2*k**3 - 64*k**2 + 74*k - 47. Let c be w(-34). Let d = -603 + c. What are the prime factors of d?
2, 3
Suppose 4*c = -3*c + 49. Suppose -c*n + 277 + 1095 = 0. Let t = n - 97. List the prime factors of t.
3, 11
Suppose -8 = -3*q - q. Let y be ((-2)/q)/(2/(-34)). Let i = y - 9. List the prime factors of i.
2
Let v = 287 + 2377. Suppose 2*c - 91 + v = 3*f, 2*f = 5*c + 1708. What are the prime factors of f?
859
Let j(z) = 17*z - 5. Let t(w) = 18*w - 4. Let p(d) = 7*j(d) - 6*t(d). What are the prime factors of p(5)?
2, 11
Let o(c) = -68*c - 3. Let r be o(5). Let d = 627 + r. Let h = -173 + d. List the prime factors of h.
3, 37
Suppose 8 = -3*z - 2*n, -n - 20 = 5*z + 4*n. Let i(g) = g**2 - 2*g + 50. Let y be i(z). Let j = -38 + y. List the prime factors of j.
2, 3
Let o be (-4)/(-5) + (-64)/80. Suppose o = 5*d + 5*d - 680. Suppose -i = -d - 61. What are the prime factors of i?
3, 43
Suppose -1814 = 2*a + 4*g, -4*a + 2733 = -7*a - 3*g. What are the prime factors of ((-30)/(-45))/((-2)/a)?
5, 61
Let k = 554 + -551. Suppose -k*x = 12*o - 13*o - 4660, -3*o = 3*x - 4656. List the prime factors of x.
1553
Suppose 4*j - 922 = -934, 0 = -3*z + 2*j + 57387. What are the prime factors of z?
31, 617
What are the prime factors of (-16652)/(-6) - (-91)/(-21)?
17, 163
Let y be (-1 - -5) + (18 - 1). Let u = -216 - y. List the prime factors of (u/6)/(5/(-30)).
3, 79
Suppose -2*o - 15 = 3*v, -3*v + 2 = -v. Let q be 0 + 87*(-15)/o. Suppose 8*f + q - 921 = 0. What are the prime factors of f?
97
Let u(j) = -2*j**2 - 304*j - 281. List the prime factors of u(-121).
3, 29, 83
Suppose 0 = -16*s + 9 - 89. Let z(u) = -u**2 + 25*u + 184. List the prime factors of z(s).
2, 17
Let h(d) = -d**3 + 3*d**2 + 20*d - 18. Let w be h(6). What are the prime factors of (w - 96/(-15)) + 2603/5?
521
Let m = 222 - 222. Suppose -3*g = -2*d - 3075, 